{"id":79,"date":"2016-09-08T14:47:41","date_gmt":"2016-09-08T14:47:41","guid":{"rendered":"http:\/\/s645644365.online.de\/?page_id=79"},"modified":"2026-01-14T20:59:10","modified_gmt":"2026-01-14T18:59:10","slug":"termine-der-initiative","status":"publish","type":"page","link":"https:\/\/xn--respekt-fr-griechenland-kpc.de\/?page_id=79","title":{"rendered":"Termine von Respekt f\u00fcr Griechenland e.V."},"content":{"rendered":"<div class=\"entry-content\">\n<p>Monatliche Treffen von Respekt f\u00fcr Griechenland e.V. finden in der Regel am ersten Dienstag des Monats von 18 &#8211; 20 Uhr statt. Sie sind offen f\u00fcr G\u00e4ste.<\/p>\n<p><span style=\"text-decoration: underline;\">Ort (falls nicht anders angegeben):<\/span>\u00a0<br \/>Hellenische Gemeinde zu\u00a0 Berlin, Mittelstra\u00dfe 33, 12167 Berlin-Steglitz<\/p>\n<p><span style=\"text-decoration: underline;\">Unsere Termine 2026:<\/span><\/p>\n<p>Dienstag, 03. Februar 2026 <br \/>Dienstag, 03. M\u00e4rz 2026<br \/>Dienstag, 07. April 2026 erweiterte Vorstandssitzung (Ort: siehe unten)<br \/>Dienstag, 05. Mai 2026\u00a0<br \/>Dienstag, 02. Juni 2026<br \/>Dienstag, 07. Juli 2026 erweiterte Vorstandssitzung (Ort: siehe unten)<\/p>\n<p>Der Ort der Treffen, die nicht in der Hellenischen Gemeinde stattfinden, wird jeweils im Einladungsschreiben mit der Tagesordnung mitgeteilt oder kann unter <a href=\"mailto:vorstand@repekt-fuer-griechenland.de\">vorstand@repekt-fuer-griechenland.de<\/a> erfragt werden.<\/p>\n<p>Wer sich f\u00fcr die RfG-Monatstreffen in Verbindung mit den Themenabenden in 2025 interessiert, wird <a href=\"https:\/\/xn--respekt-fr-griechenland-kpc.de\/?p=7070\">hier f\u00fcndig.<\/a><\/p>\n<\/div>\n\n\n\n","protected":false},"excerpt":{"rendered":"<p>Monatliche Treffen von Respekt f\u00fcr Griechenland e.V. finden in der Regel am ersten Dienstag des Monats von 18 &#8211; 20 Uhr statt. Sie sind offen f\u00fcr G\u00e4ste. Ort (falls nicht anders angegeben):\u00a0Hellenische Gemeinde zu\u00a0 Berlin, Mittelstra\u00dfe 33, 12167 Berlin-Steglitz Unsere Termine 2026: Dienstag, 03. Februar 2026 Dienstag, 03. M\u00e4rz 2026Dienstag, 07. April 2026 erweiterte Vorstandssitzung &hellip; <a href=\"https:\/\/xn--respekt-fr-griechenland-kpc.de\/?page_id=79\" class=\"more-link\"><span class=\"screen-reader-text\">\u201eTermine von Respekt f\u00fcr Griechenland e.V.\u201c<\/span> weiterlesen<\/a><\/p>\n","protected":false},"author":1,"featured_media":0,"parent":0,"menu_order":0,"comment_status":"closed","ping_status":"closed","template":"","meta":{"footnotes":""},"class_list":["post-79","page","type-page","status-publish","hentry"],"_links":{"self":[{"href":"https:\/\/xn--respekt-fr-griechenland-kpc.de\/index.php?rest_route=\/wp\/v2\/pages\/79","targetHints":{"allow":["GET"]}}],"collection":[{"href":"https:\/\/xn--respekt-fr-griechenland-kpc.de\/index.php?rest_route=\/wp\/v2\/pages"}],"about":[{"href":"https:\/\/xn--respekt-fr-griechenland-kpc.de\/index.php?rest_route=\/wp\/v2\/types\/page"}],"author":[{"embeddable":true,"href":"https:\/\/xn--respekt-fr-griechenland-kpc.de\/index.php?rest_route=\/wp\/v2\/users\/1"}],"replies":[{"embeddable":true,"href":"https:\/\/xn--respekt-fr-griechenland-kpc.de\/index.php?rest_route=%2Fwp%2Fv2%2Fcomments&post=79"}],"version-history":[{"count":67,"href":"https:\/\/xn--respekt-fr-griechenland-kpc.de\/index.php?rest_route=\/wp\/v2\/pages\/79\/revisions"}],"predecessor-version":[{"id":7085,"href":"https:\/\/xn--respekt-fr-griechenland-kpc.de\/index.php?rest_route=\/wp\/v2\/pages\/79\/revisions\/7085"}],"wp:attachment":[{"href":"https:\/\/xn--respekt-fr-griechenland-kpc.de\/index.php?rest_route=%2Fwp%2Fv2%2Fmedia&parent=79"}],"curies":[{"name":"wp","href":"https:\/\/api.w.org\/{rel}","templated":true}]}}